he prime factors of 1326192421.
2287, 579883
List the prime factors of 74896985.
5, 17, 881141
List the prime factors of 83291292.
2, 3, 7, 37, 8933
List the prime factors of 40604382.
2, 3, 7, 13, 8263
List the prime factors of 44283854.
2, 41, 101, 5347
List the prime factors of 117539281.
79, 269, 5531
List the prime factors of 523915746.
2, 3, 67, 503, 2591
List the prime factors of 5614052545.
5, 17, 149, 443273
List the prime factors of 408615158.
2, 7, 307, 95071
List the prime factors of 3358585858.
2, 17, 397, 248821
What are the prime factors of 275312567?
101, 233, 11699
What are the prime factors of 234954985?
5, 46990997
List the prime factors of 44854432.
2, 7, 17, 11779
What are the prime factors of 1692168342?
2, 3, 101, 2792357
List the prime factors of 1001940295.
5, 200388059
List the prime factors of 904955999.
23, 31, 1269223
What are the prime factors of 54998618?
2, 89, 251, 1231
List the prime factors of 65979335.
5, 109, 121063
List the prime factors of 321299431.
321299431
List the prime factors of 191576047.
13, 37, 398287
What are the prime factors of 1437243315?
3, 5, 19, 41, 47, 2617
List the prime factors of 794238021.
3, 71, 414313
List the prime factors of 56648682.
2, 3, 3147149
List the prime factors of 135159857.
7, 179, 269, 401
List the prime factors of 47130982.
2, 19, 563, 2203
What are the prime factors of 176092936?
2, 17, 73, 17737
List the prime factors of 54952165.
5, 47, 197, 1187
List the prime factors of 513412604.
2, 19, 43, 157103
List the prime factors of 220315997.
11, 20028727
What are the prime factors of 5395130441?
29297, 184153
What are the prime factors of 733554112?
2, 101, 283, 401
What are the prime factors of 420183638?
2, 7, 30013117
List the prime factors of 775910252.
2, 13, 14921351
What are the prime factors of 961674915?
3, 5, 2557, 25073
List the prime factors of 5048020629.
3, 457, 569, 719
List the prime factors of 25065646.
2, 43, 223, 1307
List the prime factors of 134549260.
2, 5, 19, 71, 4987
What are the prime factors of 402830149?
43, 9368143
List the prime factors of 2034259241.
7, 290608463
What are the prime factors of 485051923?
269, 1803167
What are the prime factors of 2199966908?
2, 19, 28946933
What are the prime factors of 1429680105?
3, 5, 7, 216127
List the prime factors of 403147397.
403147397
List the prime factors of 559272463.
233, 2400311
What are the prime factors of 25052464?
2, 31, 53, 953
What are the prime factors of 4361960944?
2, 11, 2253079
What are the prime factors of 1565225915?
5, 11, 28458653
What are the prime factors of 3398486728?
2, 7, 13, 17, 39229
What are the prime factors of 183019429?
183019429
What are the prime factors of 12588923?
73, 331, 521
What are the prime factors of 1728913933?
23, 75170171
What are the prime factors of 219951455?
5, 43990291
List the prime factors of 405739546.
2, 202869773
What are the prime factors of 977445497?
7, 7817, 17863
What are the prime factors of 19675739?
4013, 4903
What are the prime factors of 42523853?
139, 305927
List the prime factors of 323911010.
2, 5, 32391101
List the prime factors of 1667909186.
2, 19, 43892347
What are the prime factors of 10800139?
7, 220411
List the prime factors of 571871070.
2, 3, 5, 59, 35899
What are the prime factors of 30966451?
30966451
List the prime factors of 91893392.
2, 5743337
What are the prime factors of 400500937?
400500937
What are the prime factors of 160433560?
2, 5, 7, 47, 73, 167
List the prime factors of 653529924.
2, 3, 47, 128749
List the prime factors of 132062248.
2, 16507781
List the prime factors of 112706697.
3, 59, 636761
List the prime factors of 397111477.
7, 59, 961529
What are the prime factors of 4408209264?
2, 3, 29, 3166817
List the prime factors of 111422389.
13, 8570953
What are the prime factors of 120330841?
120330841
List the prime factors of 469856311.
469856311
What are the prime factors of 50437032?
2, 3, 29, 72467
List the prime factors of 316849847.
53, 683, 8753
What are the prime factors of 33179750?
2, 5, 17, 37, 211
List the prime factors of 59525088.
2, 3, 7, 283, 313
List the prime factors of 197248916.
2, 49312229
What are the prime factors of 16105847?
16105847
What are the prime factors of 919926995?
5, 13, 1088671
What are the prime factors of 2979999488?
2, 11640623
What are the prime factors of 1215100846?
2, 41, 61, 242923
List the prime factors of 100372646.
2, 11, 414763
List the prime factors of 1372838552.
2, 2909, 58991
What are the prime factors of 3834779691?
3, 5323, 240139
What are the prime factors of 4566791?
71, 131, 491
List the prime factors of 283340725.
5, 11333629
List the prime factors of 193052900.
2, 5, 103, 18743
List the prime factors of 7210171238.
2, 23, 197, 795649
What are the prime factors of 1211698626?
2, 3, 379, 532849
List the prime factors of 6541634705.
5, 1308326941
What are the prime factors of 4396264775?
5, 7, 25121513
What are the prime factors of 31967907?
3, 23, 463303
What are the prime factors of 8210194?
2, 83, 49459
What are the prime factors of 1484710068?
2, 3, 123725839
What are the prime factors of 1191583947?
3, 397194649
What are the prime factors of 19764357?
3, 6588119
What are the prime factors of 671895798?
2, 3, 7, 31, 516049
What are the prime factors of 36725543?
5693, 6451
What are the prime factors of 5029063670?
2, 5, 7237, 69491
What are the prime factors of 1181142898?
2, 13, 17, 131, 20399
What are the prime factors of 947643472?
2, 251, 235967
List the prime factors of 6121917.
3, 680213
What are the prime factors of 92205133?
92205133
What are the prime factors of 237773250?
2, 3, 5, 11, 13, 739
What are the prime factors of 102966684?
2, 3, 8580557
What are the prime factors of 542385983?
542385983
What are the prime factors of 546060027?
3, 182020009
What are the prime factors of 184084703?
11, 701, 23873
What are the prime factors of 257747285?
5, 17, 3032321
List the prime factors of 281786389.
61, 67, 68947
List the prime factors of 5099848.
2, 13, 49037
What are the prime factors of 434329845?
3, 5, 67, 131, 3299
What are the prime factors of 120454817?
7, 1013, 16987
List the prime factors of 1428026247.
3, 3019, 17519
List the prime factors of 962600874.
2, 3, 6323, 25373
List the prime factors of 276102376.
2, 11, 19, 165133
List the prime factors of 64964824.
2, 251, 32353
What are the prime factors of 2907500419?
7541, 385559
List the prime factors of 1309804948.
2, 1013, 323249
What are the prime factors of 84935115?
3, 5, 433, 1453
What are the prime factors of 7872857966?
2, 41, 9067, 10589
What are the prime factors of 10877777?
10877777
What are the prime factors of 689526973?
43, 1291, 12421
What are the prime factors of 45411005?
5, 281, 32321
List the prime factors of 47599951.
7, 6799993
List the prime factors of 4444752976.
2, 29, 9579209
What are the prime factors of 99261635?
5, 11, 29, 62233
What are the prime factors of 1397969778?
2, 3, 151, 1543013
List the prime factors of 693756594.
2, 3, 257, 149969
List the prime factors of 738585979.
738585979
What are the prime factors of 2152931565?
3, 5, 4457, 32203
What are the prime factors of 29539393?
13, 41, 157, 353
List the prime factors of 73110555.
3, 5, 7, 31, 7487
List the prime factors of 1381985831.
1381985831
What are the prime factors of 129446553?
3, 23, 41, 45757
What are the prime factors of 91010244?
2, 3, 13, 239, 2441
List the prime factors of 413902552.
2, 7, 7391117
List the prime factors of 44461573.
13, 3420121
List the prime factors of 878757448.
2, 19, 79, 73181
What are the prime factors of 7996380027?
3, 2665460009
List the prime factors of 353520790.
2, 5, 7, 109, 6619
What are the prime factors of 153389334?
2, 3, 7, 17, 214831
List the prime factors of 1449280878.
2, 3, 191, 1264643
What are the prime factors of 810215545?
5, 317, 511177
List the prime factors of 40743910.
2, 5, 1319, 3089
List the prime factors of 921762594.
2, 3, 1049, 48817
List the prime factors of 71910940.
2, 5, 47, 113, 677
What are the prime factors of 270795819?
3, 7, 31, 415969
List the prime factors of 62913575.
5, 2516543
What are the prime factors of 722573500?
2, 5, 11, 79, 1663
What are the prime factors of 109360491?
3, 36453497
What are the prime fact